?
211014
In base 6, what is 112 + -312200?
-312044
In base 3, what is -11 - -11101020?
11101002
In base 6, what is -13420 - -1040?
-12340
In base 2, what is -101100000100100 + -1100?
-101100000110000
In base 6, what is 1352143 - 2?
1352141
In base 7, what is -3603526 + -6?
-3603535
In base 6, what is -104 - 122145?
-122253
In base 13, what is -26b1 + -14?
-26c5
In base 11, what is -1 - -12510?
1250a
In base 5, what is 2 + 412202?
412204
In base 8, what is 125 - 361?
-234
In base 7, what is 23 - -32144?
32200
In base 7, what is -314 + 2042?
1425
In base 3, what is -1202 + 110100001?
110021022
In base 3, what is 2202012 - 210101?
1221211
In base 11, what is -29664 - 12?
-29676
In base 3, what is 11 + 1211212120001?
1211212120012
In base 3, what is -1122 + -212220022?
-212221221
In base 2, what is -1010101000 - 1010101?
-1011111101
In base 2, what is -11101111001111 + -100?
-11101111010011
In base 14, what is 8 + 6cc1?
6cc9
In base 11, what is -2 + 42117?
42115
In base 2, what is -1 - -101000110100001011?
101000110100001010
In base 10, what is 7420 + -5?
7415
In base 16, what is -e10c - 1?
-e10d
In base 15, what is 21c + aa?
2c7
In base 5, what is -3420130243 - 4?
-3420130302
In base 16, what is 57842 + 2?
57844
In base 6, what is 104445 - -135?
105024
In base 5, what is 14440 + 3311?
23301
In base 3, what is 2101200 + -2210?
2021220
In base 12, what is -1 + -19696b?
-196970
In base 11, what is -28054 + -1?
-28055
In base 3, what is 11120201000 + 201?
11120201201
In base 13, what is 3 - -7552?
7555
In base 16, what is -dcc - 26?
-df2
In base 8, what is 2315 - -11?
2326
In base 8, what is 215 + 20145?
20362
In base 4, what is -111331213 - -11?
-111331202
In base 10, what is -332532 + -2?
-332534
In base 11, what is 304618 - 1?
304617
In base 11, what is 4 + -7003?
-6aaa
In base 3, what is 12 + -110101200201?
-110101200112
In base 14, what is 555a - 10?
554a
In base 8, what is 0 + -23537?
-23537
In base 9, what is -305 - -65?
-230
In base 12, what is 5ba561 + 4?
5ba565
In base 7, what is -212 + -406?
-621
In base 7, what is -6661 + 23?
-6635
In base 10, what is 1 + -10274?
-10273
In base 5, what is 143321 + -4?
143312
In base 6, what is 141113 - -103?
141220
In base 12, what is -230 - 5?
-235
In base 13, what is -56 - -27b?
225
In base 16, what is 17d - -137?
2b4
In base 9, what is 633571 + 13?
633584
In base 12, what is -139 + -597?
-714
In base 12, what is -4314 + -5?
-4319
In base 11, what is -375267 + 4?
-375263
In base 12, what is 682b2 + 2?
682b4
In base 7, what is 16 + 662444?
662463
In base 9, what is 355332 - -3?
355335
In base 2, what is 100100010000000011101 - -10?
100100010000000011111
In base 8, what is 1404 - -24?
1430
In base 11, what is 1 - -22304?
22305
In base 10, what is -89 - 2426?
-2515
In base 6, what is -15 + -2050?
-2105
In base 5, what is 10222222 - 3?
10222214
In base 7, what is 20 - 10610?
-10560
In base 7, what is -11352 - 4?
-11356
In base 16, what is -15c - 258?
-3b4
In base 3, what is -1022221021 + 21?
-1022221000
In base 7, what is -6 - 6444?
-6453
In base 12, what is 9 - -1788?
1795
In base 11, what is -8a68 - -1?
-8a67
In base 8, what is 4 - 1264156?
-1264152
In base 5, what is -23013310 - 10?
-23013320
In base 4, what is -113103110 - -10?
-113103100
In base 10, what is 7705 - 93?
7612
In base 4, what is 112002 + 30?
112032
In base 9, what is -1 + 17173?
17172
In base 6, what is -3532424 + 41?
-3532343
In base 11, what is 6 + 36326?
36331
In base 11, what is 3335 + -841?
25a4
In base 4, what is -3 - -1221302231?
1221302222
In base 10, what is 2 + -110440?
-110438
In base 4, what is 10221132 - -10?
10221202
In base 11, what is 18 + 769?
786
In base 8, what is 25166077 - 0?
25166077
In base 6, what is -3 + 51344?
51341
In base 15, what is 6bc81 + 3?
6bc84
In base 5, what is -11 + 1223321?
1223310
In base 6, what is -55 - 111223?
-111322
In base 2, what is -10101011 + 1110?
-10011101
In base 9, what is 41134 - -2?
41136
In base 16, what is 13053 + -4?
1304f
In base 12, what is -6 - 44181?
-44187
In base 3, what is -20122 + -20100002?
-20120201
In base 8, what is 5 - 232406?
-232401
In base 12, what is 557378 - -5?
557381
In base 6, what is 320 + -452532?
-452212
In base 5, what is 102 - 10040?
-4433
In base 9, what is 20 - 1865?
-1845
In base 11, what is -1 + -528?
-529
In base 2, what is -11011010 - 10101011000001?
-10101110011011
In base 3, what is -21 - -101200020020?
101200012222
In base 5, what is 2312 + 123?
2440
In base 4, what is 2 - 21311020?
-21311012
In base 12, what is 1 + -9734a?
-97349
In base 12, what is -2a0114 - -3?
-2a0111
In base 15, what is d374c1 + 5?
d374c6
In base 5, what is 344 - -331?
1230
In base 4, what is 3 - -1031220213?
1031220222
In base 6, what is -113244 + -100?
-113344
In base 15, what is 3422 + -4?
341d
In base 16, what is -4 + 15fb0?
15fac
In base 4, what is 1 - 21030003?
-21030002
In base 4, what is 302 + -2303330?
-2303022
In base 11, what is -19865 + 113?
-19752
In base 6, what is 13315120 - 1?
13315115
In base 6, what is 20013 + -1441?
14132
In base 12, what is a54 - -4?
a58
In base 6, what is 11332 + 404?
12140
In base 2, what is -111110100110 - -111101?
-111101101001
In base 3, what is 1212100 - 111?
1211212
In base 10, what is -3 - -427969?
427966
In base 13, what is 1700a - 4?
17006
In base 16, what is -35ba0 + 1?
-35b9f
In base 8, what is 0 + 210?
210
In base 15, what is -1 + -dec?
-ded
In base 4, what is -1020222 + -20?
-1020302
In base 13, what is -18a09 + 2?
-18a07
In base 16, what is 2 + 34e5f?
34e61
In base 10, what is 32943 + 8?
32951
In base 12, what is 6a - 133?
-85
In base 8, what is 2037 + 100?
2137
In base 4, what is 31 + -13100121?
-13100030
In base 12, what is 250332 + -1?
250331
In base 14, what is 1a927 - -2a?
1a953
In base 8, what is -6052 - 60?
-6132
In base 11, what is -1 + -349046?
-349047
In base 12, what is -b8b - 171?
-1140
In base 14, what is -2c90a - -4?
-2c906
In base 3, what is 211220 + 10110?
222100
In base 6, what is -301034003 + 4?
-301033555
In base 2, what is -11110011100111010 - 10011?
-11110011101001101
In base 7, what is 41606 - -66?
42005
In base 9, what is -41888 + 5?
-41883
In base 2, what is -10001 + 1110011110?
1110001101
In base 16, what is -b - 106?
-111
In base 15, what is -6 + -bd6?
-bdc
In base 7, what is -13 + -446?
-462
In base 14, what is -239c6 - -6?
-239c0
In base 6, what is 101525 - -1?
101530
In base 13, what is 1 + 6938?
6939
In base 6, what is 2130 - -1111?
3241
In base 13, what is 2 + -975?
-973
In base 4, what is -112230331 + 10?
-112230321
In base 15, what is 1d02 + -2c?
1cc5
In base 7, what is 0 - 1011226?
-1011226
In base 12, what is -7b4a + 4?
-7b46
In base 11, what is -2121 - -87?
-2045
In base 15, what is 22 + 57e?
5a1
In base 2, what is -11110011010010 + 100?
-11110011001110
In base 7, what is -3344264 - 6?
-3344303
In base 5, what is 21 + -1323223?
-1323202
In base 6, what is -234420 + -31?
-234451
In base 8, what is 5 + -261764?
-261757
In base 7, what is 1011 - 52?
626
In base 16, what is a81 + 2?
a83
In base 2, what is -10111 + -1101011000010?
-1101011011001
In base 14, what is 55 - 19b8?
-1963
In base 4, what is -1000 - 3013?
-10013
In base 10, what is 912 + 27?
939
In base 3, what is 1002002121220 - -12?
1002002122002
In base 9, what is -14 - -47848?
47834
In base 12, what is 8 + -3853?
-3847
In base 16, what is 40fa - 13?
40e7
In base 3, what is -1101 - -1010020110?
1010012002
In base 11, what is 54 - -7a6?
84a
In base 7, what is 32 + -22611?
-22546
In base 11, what is 5 + 9965a1?
9965a6
In base 5, what is -124 - -331?
202
In base 2, what is -101001111111 - 0?
-101001111111
In base 16, what is 0 + 2990?
2990
In base 4, what is -3303 + -102?
-10011
In base 7, what is 121343 + -124?
121216
In base 8, what is 113252 + 4?
113256
In base 5, what is -4333 + -4124?
-14012
In base 10, what is -1528 + 230?
-1298
In base 16, what is 2bc42c + -1?
2bc42b
In base 16, what is 0 - f9?
-f9
In base 2, what is 1100011001100011 - -100?
1100011001100111
In base 12, what is 6 + -36b4?
-36aa
In base 2, what is 11101 - 1000001000111000?
-1000001000011011
In base 2, what is -1001000011001101010 - -101?
-1001000011001100101
In base 10, what is 2 + 17577?
17579
In base 5, what is -10031 + 10444?
413
In base 11, what is -3 + 74